are the prime factors of 3846708?
2, 3, 106853
List the prime factors of 3705493.
11, 336863
What are the prime factors of 52586?
2, 26293
What are the prime factors of 588828?
2, 3, 49069
List the prime factors of 4930314.
2, 3, 373, 2203
List the prime factors of 36219555.
3, 5, 89431
What are the prime factors of 686460?
2, 3, 5, 17, 673
What are the prime factors of 262719?
3, 29191
What are the prime factors of 302328?
2, 3, 13, 17, 19
What are the prime factors of 2016534?
2, 3, 13, 103, 251
List the prime factors of 3878157.
3, 97, 13327
What are the prime factors of 72323?
31, 2333
What are the prime factors of 814022?
2, 11, 163, 227
List the prime factors of 637611.
3, 13, 16349
What are the prime factors of 787820?
2, 5, 11, 3581
What are the prime factors of 585267?
3, 195089
List the prime factors of 569564.
2, 142391
List the prime factors of 1010296.
2, 7, 18041
What are the prime factors of 245526?
2, 3, 151, 271
What are the prime factors of 1587014?
2, 11, 13, 31, 179
What are the prime factors of 2445433?
17, 19, 67, 113
What are the prime factors of 508992?
2, 3, 11, 241
List the prime factors of 44548.
2, 7, 37, 43
List the prime factors of 511027.
11, 46457
What are the prime factors of 2318798?
2, 19, 139, 439
List the prime factors of 407675.
5, 23, 709
What are the prime factors of 186778?
2, 47, 1987
List the prime factors of 3558993.
3, 37, 32063
List the prime factors of 90530.
2, 5, 11, 823
List the prime factors of 650272.
2, 7, 2903
List the prime factors of 19896883.
19896883
List the prime factors of 110029.
19, 5791
List the prime factors of 2463364.
2, 47, 13103
What are the prime factors of 1416025?
5, 13, 4357
List the prime factors of 2012438.
2, 1006219
List the prime factors of 1062141.
3, 354047
List the prime factors of 13368042.
2, 3, 677, 1097
List the prime factors of 163243.
163243
What are the prime factors of 2508567?
3, 836189
What are the prime factors of 242776?
2, 30347
What are the prime factors of 34942?
2, 17471
What are the prime factors of 277195?
5, 55439
List the prime factors of 1328383.
7, 109, 1741
List the prime factors of 3196950.
2, 3, 5, 21313
List the prime factors of 212974.
2, 106487
What are the prime factors of 12969?
3, 11, 131
List the prime factors of 13728344.
2, 7, 245149
List the prime factors of 38969.
7, 19, 293
What are the prime factors of 1121582?
2, 7, 11, 7283
What are the prime factors of 257405?
5, 51481
List the prime factors of 3766718.
2, 1883359
List the prime factors of 569763.
3, 29, 37, 59
What are the prime factors of 4338189?
3, 482021
What are the prime factors of 157807?
13, 61, 199
What are the prime factors of 1248635?
5, 249727
List the prime factors of 4168174.
2, 227, 9181
What are the prime factors of 1186763?
157, 7559
What are the prime factors of 29860154?
2, 1327, 11251
List the prime factors of 284162.
2, 47, 3023
What are the prime factors of 404286?
2, 3, 43, 1567
List the prime factors of 84248.
2, 10531
List the prime factors of 15480755.
5, 3096151
What are the prime factors of 7580165?
5, 29, 61, 857
List the prime factors of 4422079.
19, 232741
List the prime factors of 4542371.
4542371
List the prime factors of 198750.
2, 3, 5, 53
What are the prime factors of 3779239?
83, 45533
List the prime factors of 1978708.
2, 494677
What are the prime factors of 1184422?
2, 19, 71, 439
List the prime factors of 6340715.
5, 1268143
List the prime factors of 7155724.
2, 1788931
What are the prime factors of 959550?
2, 3, 5, 6397
List the prime factors of 2067241.
11, 187931
List the prime factors of 7839344.
2, 489959
What are the prime factors of 2887287?
3, 13, 101, 733
List the prime factors of 896477.
19, 29, 1627
List the prime factors of 2308708.
2, 577177
What are the prime factors of 308150?
2, 5, 6163
What are the prime factors of 1181244?
2, 3, 173, 569
List the prime factors of 1328208.
2, 3, 7, 59, 67
List the prime factors of 6668761.
11, 606251
What are the prime factors of 288329?
373, 773
List the prime factors of 550003.
67, 8209
List the prime factors of 1982309.
7, 41, 6907
List the prime factors of 11914.
2, 7, 23, 37
What are the prime factors of 1263345?
3, 5, 84223
What are the prime factors of 1262477?
37, 149, 229
What are the prime factors of 109392?
2, 3, 43, 53
What are the prime factors of 16037?
7, 29, 79
List the prime factors of 3749531.
3749531
List the prime factors of 357833.
7, 17, 31, 97
List the prime factors of 6199250.
2, 5, 137, 181
List the prime factors of 379582.
2, 7, 19, 1427
What are the prime factors of 208215?
3, 5, 7, 661
What are the prime factors of 517978?
2, 19, 43, 317
List the prime factors of 3262663.
71, 45953
List the prime factors of 11209.
11, 1019
What are the prime factors of 296562?
2, 3, 7, 23, 307
List the prime factors of 8022569.
8022569
List the prime factors of 124868.
2, 19, 31, 53
List the prime factors of 1021060.
2, 5, 19, 2687
What are the prime factors of 2379175?
5, 59, 1613
What are the prime factors of 446441?
446441
List the prime factors of 840509.
149, 5641
What are the prime factors of 23994334?
2, 7, 13, 131837
What are the prime factors of 544029?
3, 41, 4423
What are the prime factors of 1545199?
101, 15299
What are the prime factors of 851651?
229, 3719
What are the prime factors of 1711324?
2, 31, 37, 373
What are the prime factors of 593519?
593519
List the prime factors of 685861.
11, 62351
List the prime factors of 454.
2, 227
List the prime factors of 2798247.
3, 932749
What are the prime factors of 39309?
3, 13103
What are the prime factors of 4688014?
2, 311, 7537
What are the prime factors of 55144?
2, 61, 113
What are the prime factors of 182881?
199, 919
What are the prime factors of 671993?
7, 17, 5647
What are the prime factors of 160714?
2, 107, 751
What are the prime factors of 17607573?
3, 41, 47717
What are the prime factors of 1362331?
383, 3557
What are the prime factors of 3619687?
3619687
List the prime factors of 1133802.
2, 3, 62989
List the prime factors of 573945.
3, 5, 83, 461
What are the prime factors of 2062370?
2, 5, 206237
What are the prime factors of 112167?
3, 11, 103
What are the prime factors of 1614584?
2, 201823
What are the prime factors of 3705845?
5, 11, 13, 71, 73
What are the prime factors of 294010?
2, 5, 29401
What are the prime factors of 328877?
23, 79, 181
List the prime factors of 2326550.
2, 5, 19, 31, 79
What are the prime factors of 257966?
2, 128983
What are the prime factors of 6296505?
3, 5, 19, 22093
What are the prime factors of 5465296?
2, 17, 71, 283
What are the prime factors of 9333489?
3, 11, 282833
List the prime factors of 502849.
23, 21863
List the prime factors of 12728678.
2, 6364339
List the prime factors of 177810.
2, 3, 5, 5927
What are the prime factors of 6232508?
2, 101, 15427
List the prime factors of 488469.
3, 162823
List the prime factors of 1965303.
3, 19, 1277
What are the prime factors of 551148?
2, 3, 13, 3533
What are the prime factors of 15986221?
29, 431, 1279
List the prime factors of 940161.
3, 313387
What are the prime factors of 9648174?
2, 3, 191, 8419
What are the prime factors of 842027?
17, 49531
What are the prime factors of 204278?
2, 102139
What are the prime factors of 734256?
2, 3, 5099
What are the prime factors of 6774097?
11, 615827
List the prime factors of 728938.
2, 7, 52067
List the prime factors of 4002518.
2, 13, 257, 599
List the prime factors of 56708.
2, 14177
What are the prime factors of 39056?
2, 2441
List the prime factors of 8988989.
8988989
List the prime factors of 516704.
2, 67, 241
What are the prime factors of 2294260?
2, 5, 114713
List the prime factors of 1937405.
5, 17, 23, 991
List the prime factors of 221281.
221281
List the prime factors of 1613971.
373, 4327
What are the prime factors of 278731?
211, 1321
What are the prime factors of 795456?
2, 3, 1381
List the prime factors of 10032824.
2, 281, 4463
What are the prime factors of 307823?
307823
List the prime factors of 1536189.
3, 97, 5279
List the prime factors of 396011.
7, 11, 37, 139
List the prime factors of 645667.
11, 79, 743
List the prime factors of 3566802.
2, 3, 594467
List the prime factors of 540949.
19, 71, 401
What are the prime factors of 431220?
2, 3, 5, 7187
